{"id":84,"date":"2021-01-08T02:56:38","date_gmt":"2021-01-08T01:56:38","guid":{"rendered":"https:\/\/pfadfinder-stalbert.de\/?page_id=84"},"modified":"2021-01-12T03:14:36","modified_gmt":"2021-01-12T02:14:36","slug":"kontakt","status":"publish","type":"page","link":"https:\/\/pfadfinder-stalbert.de\/index.php\/kontakt\/","title":{"rendered":"Kontakt"},"content":{"rendered":"\t\t<div data-elementor-type=\"wp-page\" data-elementor-id=\"84\" class=\"elementor elementor-84\">\n\t\t\t\t\t\t<section class=\"elementor-section elementor-top-section elementor-element elementor-element-d91b8d8 elementor-section-boxed elementor-section-height-default elementor-section-height-default\" data-id=\"d91b8d8\" data-element_type=\"section\">\n\t\t\t\t\t\t<div class=\"elementor-container elementor-column-gap-default\">\n\t\t\t\t\t<div class=\"elementor-column elementor-col-100 elementor-top-column elementor-element elementor-element-e85c849\" data-id=\"e85c849\" data-element_type=\"column\">\n\t\t\t<div class=\"elementor-widget-wrap elementor-element-populated\">\n\t\t\t\t\t\t<div class=\"elementor-element elementor-element-2ff0c03 elementor-widget elementor-widget-shortcode\" data-id=\"2ff0c03\" data-element_type=\"widget\" data-widget_type=\"shortcode.default\">\n\t\t\t\t<div class=\"elementor-widget-container\">\n\t\t\t\t\t<div class=\"elementor-shortcode\">\n<div class=\"wpcf7 no-js\" id=\"wpcf7-f226-o1\" lang=\"de-DE\" dir=\"ltr\">\n<div class=\"screen-reader-response\"><p role=\"status\" aria-live=\"polite\" aria-atomic=\"true\"><\/p> <ul><\/ul><\/div>\n<form action=\"\/index.php\/wp-json\/wp\/v2\/pages\/84#wpcf7-f226-o1\" method=\"post\" class=\"wpcf7-form init\" aria-label=\"Kontaktformular\" novalidate=\"novalidate\" data-status=\"init\">\n<div style=\"display: none;\">\n<input type=\"hidden\" name=\"_wpcf7\" value=\"226\" \/>\n<input type=\"hidden\" name=\"_wpcf7_version\" value=\"5.9.6\" \/>\n<input type=\"hidden\" name=\"_wpcf7_locale\" value=\"de_DE\" \/>\n<input type=\"hidden\" name=\"_wpcf7_unit_tag\" value=\"wpcf7-f226-o1\" \/>\n<input type=\"hidden\" name=\"_wpcf7_container_post\" value=\"0\" \/>\n<input type=\"hidden\" name=\"_wpcf7_posted_data_hash\" value=\"\" \/>\n<input type=\"hidden\" name=\"_wpcf7_recaptcha_response\" value=\"\" \/>\n<\/div>\n<p><label> Dein Name<br \/>\n<span class=\"wpcf7-form-control-wrap\" data-name=\"your-name\"><input size=\"40\" maxlength=\"80\" class=\"wpcf7-form-control wpcf7-text wpcf7-validates-as-required\" aria-required=\"true\" aria-invalid=\"false\" value=\"\" type=\"text\" name=\"your-name\" \/><\/span> <\/label>\n<\/p>\n<p><label> Deine E-Mail-Adresse<br \/>\n<span class=\"wpcf7-form-control-wrap\" data-name=\"your-email\"><input size=\"40\" maxlength=\"80\" class=\"wpcf7-form-control wpcf7-email wpcf7-validates-as-required wpcf7-text wpcf7-validates-as-email\" aria-required=\"true\" aria-invalid=\"false\" value=\"\" type=\"email\" name=\"your-email\" \/><\/span> <\/label>\n<\/p>\n<p><label> Betreff<br \/>\n<span class=\"wpcf7-form-control-wrap\" data-name=\"your-subject\"><input size=\"40\" maxlength=\"80\" class=\"wpcf7-form-control wpcf7-text wpcf7-validates-as-required\" aria-required=\"true\" aria-invalid=\"false\" value=\"\" type=\"text\" name=\"your-subject\" \/><\/span> <\/label>\n<\/p>\n<p><label> Deine Nachricht (optional)<br \/>\n<span class=\"wpcf7-form-control-wrap\" data-name=\"your-message\"><textarea cols=\"40\" rows=\"10\" maxlength=\"400\" class=\"wpcf7-form-control wpcf7-textarea\" aria-invalid=\"false\" name=\"your-message\"><\/textarea><\/span> <\/label>\n<\/p>\n<p><input class=\"wpcf7-form-control wpcf7-submit has-spinner\" type=\"submit\" value=\"Senden\" \/>\n<\/p><div class=\"wpcf7-response-output\" aria-hidden=\"true\"><\/div>\n<\/form>\n<\/div>\n<\/div>\n\t\t\t\t<\/div>\n\t\t\t\t<\/div>\n\t\t\t\t\t<\/div>\n\t\t<\/div>\n\t\t\t\t\t<\/div>\n\t\t<\/section>\n\t\t\t\t<section class=\"elementor-section elementor-top-section elementor-element elementor-element-b0093df elementor-section-boxed elementor-section-height-default elementor-section-height-default\" data-id=\"b0093df\" data-element_type=\"section\">\n\t\t\t\t\t\t<div class=\"elementor-container elementor-column-gap-default\">\n\t\t\t\t\t<div class=\"elementor-column elementor-col-100 elementor-top-column elementor-element elementor-element-7521113\" data-id=\"7521113\" data-element_type=\"column\">\n\t\t\t<div class=\"elementor-widget-wrap elementor-element-populated\">\n\t\t\t\t\t\t<div class=\"elementor-element elementor-element-d90d8c3 elementor-widget elementor-widget-spacer\" data-id=\"d90d8c3\" data-element_type=\"widget\" data-widget_type=\"spacer.default\">\n\t\t\t\t<div class=\"elementor-widget-container\">\n\t\t\t\t\t<div class=\"elementor-spacer\">\n\t\t\t<div class=\"elementor-spacer-inner\"><\/div>\n\t\t<\/div>\n\t\t\t\t<\/div>\n\t\t\t\t<\/div>\n\t\t\t\t\t<\/div>\n\t\t<\/div>\n\t\t\t\t\t<\/div>\n\t\t<\/section>\n\t\t\t\t<section class=\"elementor-section elementor-top-section elementor-element elementor-element-a35b178 elementor-section-boxed elementor-section-height-default elementor-section-height-default\" data-id=\"a35b178\" data-element_type=\"section\">\n\t\t\t\t\t\t<div class=\"elementor-container elementor-column-gap-default\">\n\t\t\t\t\t<div class=\"elementor-column elementor-col-100 elementor-top-column elementor-element elementor-element-82cf515\" data-id=\"82cf515\" data-element_type=\"column\">\n\t\t\t<div class=\"elementor-widget-wrap elementor-element-populated\">\n\t\t\t\t\t\t<div class=\"elementor-element elementor-element-2150e61 elementor-widget elementor-widget-text-editor\" data-id=\"2150e61\" data-element_type=\"widget\" data-widget_type=\"text-editor.default\">\n\t\t\t\t<div class=\"elementor-widget-container\">\n\t\t\t\t\t\t\t<p>Du hast ein bestimmtes Anliegen, wei\u00dft aber nicht an wen du dich wenden sollst? Kein Problem!<\/p>\n<p>An- oder Abmeldungen, Adress\u00e4nderungen:<br><a href=\"mailto:nami@pfadfinder-stalbert.de\">nami[at]pfadfinder-stalbert.de<\/a><\/p>\n<p>Mitgliedsbeitr\u00e4ge, Spenden und andere Kassenangelegenheiten:<br><a href=\"mailto:kassenwart@pfadfinder-stalbert.de\">kassenwart[at]pfadfinder-stalbert.de<\/a><\/p>\n<p>Zelt- und Materialverleih:<br><a href=\"mailto:materialwart@pfadfinder-stalbert.de\">materialwart[at]pfadfinder-stalbert.de<\/a><\/p>\n<p>Kluft- und Sammelbestellung:<br><a href=\"mailto:ruesthaus@pfadfinder-stalbert.de\">ruesthaus[at]pfadfinder-stalbert.de<\/a><\/p>\n<p>Kurat:<br><a href=\"mailto:kurat@pfadfinder-stalbert.de\">kurat[at]pfadfinder-stalbert.de<\/a><\/p>\n<p>\u201eIch m\u00f6chte als Leiter einsteigen!\u201c und Gruppenstunden allgemein:<br><a href=\"mailto:leiterrunde@pfadfinder-stalbert.de\">leiterrunde[at]pfadfinder-stalbert.de<\/a><\/p>\n<p>Fragen zu den einzelnen Gruppenstunden kannst du direkt an die entsprechenden Stufenleiter richten:<\/p>\n<ul>\n<li>W\u00f6lflinge, 8-10 Jahre: <a href=\"mailto:woelflinge@pfadfinder-stalbert.de\">woelflinge[at]pfadfinder-stalbert.de<\/a><\/li>\n<li>Jungpfadfinder, 11-13 Jahre: <a href=\"mailto:jungpfadfinder@pfadfinder-stalbert.de\">jungpfadfinder<\/a><a href=\"mailto:woelflinge@pfadfinder-stalbert.de\">[at]<\/a><a href=\"mailto:jungpfadfinder@pfadfinder-stalbert.de\">pfadfinder-stalbert.de<\/a><\/li>\n<li>Pfadfinder, 14-16 Jahre: <a href=\"mailto:pfadfinder@pfadfinder-stalbert.de\">pfadfinder<\/a><a href=\"mailto:woelflinge@pfadfinder-stalbert.de\">[at]<\/a><a href=\"mailto:pfadfinder@pfadfinder-stalbert.de\">pfadfinder-stalbert.de<\/a><\/li>\n<li>Rover, 16+ Jahre: <a href=\"mailto:rover@pfadfinder-stalbert.de\">rover<\/a><a href=\"mailto:woelflinge@pfadfinder-stalbert.de\">[at]<\/a><a href=\"mailto:rover@pfadfinder-stalbert.de\">pfadfinder-stalbert.de<\/a><\/li>\n<\/ul>\n<p>Keine passende Adresse gefunden?<br><a href=\"mailto:stammesvorstand@pfadfinder-stalbert.de\">stammesvorstand[at]pfadfinder-stalbert.de<\/a><\/p>\t\t\t\t\t\t<\/div>\n\t\t\t\t<\/div>\n\t\t\t\t\t<\/div>\n\t\t<\/div>\n\t\t\t\t\t<\/div>\n\t\t<\/section>\n\t\t\t\t<\/div>\n\t\t","protected":false},"excerpt":{"rendered":"<p class=\"excerpt\">Du hast ein bestimmtes Anliegen, wei\u00dft aber nicht an wen du dich wenden sollst? Kein Problem! An- oder Abmeldungen, Adress\u00e4nderungen:nami[at]pfadfinder-stalbert.de Mitgliedsbeitr\u00e4ge, Spenden und andere Kassenangelegenheiten:kassenwart[at]pfadfinder-stalbert.de Zelt- und Materialverleih:materialwart[at]pfadfinder-stalbert.de Kluft- und Sammelbestellung:ruesthaus[at]pfadfinder-stalbert.de Kurat:kurat[at]pfadfinder-stalbert.de \u201eIch m\u00f6chte als Leiter einsteigen!\u201c und Gruppenstunden allgemein:leiterrunde[at]pfadfinder-stalbert.de Fragen zu den einzelnen Gruppenstunden kannst du direkt an die entsprechenden Stufenleiter richten: W\u00f6lflinge, 8-10 [&hellip;]<\/p>\n","protected":false},"author":1,"featured_media":0,"parent":0,"menu_order":0,"comment_status":"closed","ping_status":"closed","template":"","meta":{"footnotes":""},"yoast_head":"<!-- This site is optimized with the Yoast SEO plugin v23.0 - https:\/\/yoast.com\/wordpress\/plugins\/seo\/ -->\n<title>Kontakt - DPSG Stamm St. Albert<\/title>\n<meta name=\"robots\" content=\"index, follow, max-snippet:-1, max-image-preview:large, max-video-preview:-1\" \/>\n<link rel=\"canonical\" href=\"https:\/\/pfadfinder-stalbert.de\/index.php\/kontakt\/\" \/>\n<meta property=\"og:locale\" content=\"de_DE\" \/>\n<meta property=\"og:type\" content=\"article\" \/>\n<meta property=\"og:title\" content=\"Kontakt - DPSG Stamm St. Albert\" \/>\n<meta property=\"og:description\" content=\"Du hast ein bestimmtes Anliegen, wei\u00dft aber nicht an wen du dich wenden sollst? Kein Problem! An- oder Abmeldungen, Adress\u00e4nderungen:nami[at]pfadfinder-stalbert.de Mitgliedsbeitr\u00e4ge, Spenden und andere Kassenangelegenheiten:kassenwart[at]pfadfinder-stalbert.de Zelt- und Materialverleih:materialwart[at]pfadfinder-stalbert.de Kluft- und Sammelbestellung:ruesthaus[at]pfadfinder-stalbert.de Kurat:kurat[at]pfadfinder-stalbert.de \u201eIch m\u00f6chte als Leiter einsteigen!\u201c und Gruppenstunden allgemein:leiterrunde[at]pfadfinder-stalbert.de Fragen zu den einzelnen Gruppenstunden kannst du direkt an die entsprechenden Stufenleiter richten: W\u00f6lflinge, 8-10 [&hellip;]\" \/>\n<meta property=\"og:url\" content=\"https:\/\/pfadfinder-stalbert.de\/index.php\/kontakt\/\" \/>\n<meta property=\"og:site_name\" content=\"DPSG Stamm St. Albert\" \/>\n<meta property=\"article:publisher\" content=\"http:\/\/facebook.com\/pfadfinderstalbert\" \/>\n<meta property=\"article:modified_time\" content=\"2021-01-12T02:14:36+00:00\" \/>\n<meta name=\"twitter:card\" content=\"summary_large_image\" \/>\n<meta name=\"twitter:label1\" content=\"Gesch\u00e4tzte Lesezeit\" \/>\n\t<meta name=\"twitter:data1\" content=\"1\u00a0Minute\" \/>\n<script type=\"application\/ld+json\" class=\"yoast-schema-graph\">{\"@context\":\"https:\/\/schema.org\",\"@graph\":[{\"@type\":\"WebPage\",\"@id\":\"https:\/\/pfadfinder-stalbert.de\/index.php\/kontakt\/\",\"url\":\"https:\/\/pfadfinder-stalbert.de\/index.php\/kontakt\/\",\"name\":\"Kontakt - DPSG Stamm St. Albert\",\"isPartOf\":{\"@id\":\"https:\/\/pfadfinder-stalbert.de\/#website\"},\"datePublished\":\"2021-01-08T01:56:38+00:00\",\"dateModified\":\"2021-01-12T02:14:36+00:00\",\"breadcrumb\":{\"@id\":\"https:\/\/pfadfinder-stalbert.de\/index.php\/kontakt\/#breadcrumb\"},\"inLanguage\":\"de\",\"potentialAction\":[{\"@type\":\"ReadAction\",\"target\":[\"https:\/\/pfadfinder-stalbert.de\/index.php\/kontakt\/\"]}]},{\"@type\":\"BreadcrumbList\",\"@id\":\"https:\/\/pfadfinder-stalbert.de\/index.php\/kontakt\/#breadcrumb\",\"itemListElement\":[{\"@type\":\"ListItem\",\"position\":1,\"name\":\"Startseite\",\"item\":\"https:\/\/pfadfinder-stalbert.de\/\"},{\"@type\":\"ListItem\",\"position\":2,\"name\":\"Kontakt\"}]},{\"@type\":\"WebSite\",\"@id\":\"https:\/\/pfadfinder-stalbert.de\/#website\",\"url\":\"https:\/\/pfadfinder-stalbert.de\/\",\"name\":\"DPSG Stamm St. Albert\",\"description\":\"Pfadfinden am Seepark!\",\"publisher\":{\"@id\":\"https:\/\/pfadfinder-stalbert.de\/#organization\"},\"potentialAction\":[{\"@type\":\"SearchAction\",\"target\":{\"@type\":\"EntryPoint\",\"urlTemplate\":\"https:\/\/pfadfinder-stalbert.de\/?s={search_term_string}\"},\"query-input\":\"required name=search_term_string\"}],\"inLanguage\":\"de\"},{\"@type\":\"Organization\",\"@id\":\"https:\/\/pfadfinder-stalbert.de\/#organization\",\"name\":\"DPSG Stamm St. Albert\",\"url\":\"https:\/\/pfadfinder-stalbert.de\/\",\"logo\":{\"@type\":\"ImageObject\",\"inLanguage\":\"de\",\"@id\":\"https:\/\/pfadfinder-stalbert.de\/#\/schema\/logo\/image\/\",\"url\":\"https:\/\/pfadfinder-stalbert.de\/wp-content\/uploads\/2021\/01\/lily_blue.png\",\"contentUrl\":\"https:\/\/pfadfinder-stalbert.de\/wp-content\/uploads\/2021\/01\/lily_blue.png\",\"width\":512,\"height\":512,\"caption\":\"DPSG Stamm St. Albert\"},\"image\":{\"@id\":\"https:\/\/pfadfinder-stalbert.de\/#\/schema\/logo\/image\/\"},\"sameAs\":[\"http:\/\/facebook.com\/pfadfinderstalbert\"]}]}<\/script>\n<!-- \/ Yoast SEO plugin. -->","yoast_head_json":{"title":"Kontakt - DPSG Stamm St. Albert","robots":{"index":"index","follow":"follow","max-snippet":"max-snippet:-1","max-image-preview":"max-image-preview:large","max-video-preview":"max-video-preview:-1"},"canonical":"https:\/\/pfadfinder-stalbert.de\/index.php\/kontakt\/","og_locale":"de_DE","og_type":"article","og_title":"Kontakt - DPSG Stamm St. Albert","og_description":"Du hast ein bestimmtes Anliegen, wei\u00dft aber nicht an wen du dich wenden sollst? Kein Problem! An- oder Abmeldungen, Adress\u00e4nderungen:nami[at]pfadfinder-stalbert.de Mitgliedsbeitr\u00e4ge, Spenden und andere Kassenangelegenheiten:kassenwart[at]pfadfinder-stalbert.de Zelt- und Materialverleih:materialwart[at]pfadfinder-stalbert.de Kluft- und Sammelbestellung:ruesthaus[at]pfadfinder-stalbert.de Kurat:kurat[at]pfadfinder-stalbert.de \u201eIch m\u00f6chte als Leiter einsteigen!\u201c und Gruppenstunden allgemein:leiterrunde[at]pfadfinder-stalbert.de Fragen zu den einzelnen Gruppenstunden kannst du direkt an die entsprechenden Stufenleiter richten: W\u00f6lflinge, 8-10 [&hellip;]","og_url":"https:\/\/pfadfinder-stalbert.de\/index.php\/kontakt\/","og_site_name":"DPSG Stamm St. Albert","article_publisher":"http:\/\/facebook.com\/pfadfinderstalbert","article_modified_time":"2021-01-12T02:14:36+00:00","twitter_card":"summary_large_image","twitter_misc":{"Gesch\u00e4tzte Lesezeit":"1\u00a0Minute"},"schema":{"@context":"https:\/\/schema.org","@graph":[{"@type":"WebPage","@id":"https:\/\/pfadfinder-stalbert.de\/index.php\/kontakt\/","url":"https:\/\/pfadfinder-stalbert.de\/index.php\/kontakt\/","name":"Kontakt - DPSG Stamm St. Albert","isPartOf":{"@id":"https:\/\/pfadfinder-stalbert.de\/#website"},"datePublished":"2021-01-08T01:56:38+00:00","dateModified":"2021-01-12T02:14:36+00:00","breadcrumb":{"@id":"https:\/\/pfadfinder-stalbert.de\/index.php\/kontakt\/#breadcrumb"},"inLanguage":"de","potentialAction":[{"@type":"ReadAction","target":["https:\/\/pfadfinder-stalbert.de\/index.php\/kontakt\/"]}]},{"@type":"BreadcrumbList","@id":"https:\/\/pfadfinder-stalbert.de\/index.php\/kontakt\/#breadcrumb","itemListElement":[{"@type":"ListItem","position":1,"name":"Startseite","item":"https:\/\/pfadfinder-stalbert.de\/"},{"@type":"ListItem","position":2,"name":"Kontakt"}]},{"@type":"WebSite","@id":"https:\/\/pfadfinder-stalbert.de\/#website","url":"https:\/\/pfadfinder-stalbert.de\/","name":"DPSG Stamm St. Albert","description":"Pfadfinden am Seepark!","publisher":{"@id":"https:\/\/pfadfinder-stalbert.de\/#organization"},"potentialAction":[{"@type":"SearchAction","target":{"@type":"EntryPoint","urlTemplate":"https:\/\/pfadfinder-stalbert.de\/?s={search_term_string}"},"query-input":"required name=search_term_string"}],"inLanguage":"de"},{"@type":"Organization","@id":"https:\/\/pfadfinder-stalbert.de\/#organization","name":"DPSG Stamm St. Albert","url":"https:\/\/pfadfinder-stalbert.de\/","logo":{"@type":"ImageObject","inLanguage":"de","@id":"https:\/\/pfadfinder-stalbert.de\/#\/schema\/logo\/image\/","url":"https:\/\/pfadfinder-stalbert.de\/wp-content\/uploads\/2021\/01\/lily_blue.png","contentUrl":"https:\/\/pfadfinder-stalbert.de\/wp-content\/uploads\/2021\/01\/lily_blue.png","width":512,"height":512,"caption":"DPSG Stamm St. Albert"},"image":{"@id":"https:\/\/pfadfinder-stalbert.de\/#\/schema\/logo\/image\/"},"sameAs":["http:\/\/facebook.com\/pfadfinderstalbert"]}]}},"_links":{"self":[{"href":"https:\/\/pfadfinder-stalbert.de\/index.php\/wp-json\/wp\/v2\/pages\/84"}],"collection":[{"href":"https:\/\/pfadfinder-stalbert.de\/index.php\/wp-json\/wp\/v2\/pages"}],"about":[{"href":"https:\/\/pfadfinder-stalbert.de\/index.php\/wp-json\/wp\/v2\/types\/page"}],"author":[{"embeddable":true,"href":"https:\/\/pfadfinder-stalbert.de\/index.php\/wp-json\/wp\/v2\/users\/1"}],"replies":[{"embeddable":true,"href":"https:\/\/pfadfinder-stalbert.de\/index.php\/wp-json\/wp\/v2\/comments?post=84"}],"version-history":[{"count":0,"href":"https:\/\/pfadfinder-stalbert.de\/index.php\/wp-json\/wp\/v2\/pages\/84\/revisions"}],"wp:attachment":[{"href":"https:\/\/pfadfinder-stalbert.de\/index.php\/wp-json\/wp\/v2\/media?parent=84"}],"curies":[{"name":"wp","href":"https:\/\/api.w.org\/{rel}","templated":true}]}}